 -g*p - 3*c, -4*p - 4*c = -3*c. Calculate the greatest common divisor of 4 and p.
1
Suppose 0 = j + 1, 5*p - 28 - 45 = -2*j. Calculate the greatest common divisor of 3585 and p.
15
Suppose -3*g = 2*g - 4*i - 68, 5*g - 64 = 2*i. What is the highest common divisor of 12 and g?
12
Let w = 37 + -17. Suppose -2*a - a = -2*u - 2, 5*u + 5*a - w = 0. Let p be 23*(u - (1 + -4)). Calculate the highest common factor of p and 23.
23
Let v be (-624)/80*-10*(-1)/(-2). Calculate the greatest common divisor of v and 2301.
39
Let z be (-80)/(-45) + 8/36. Suppose z*j - q = 27 + 14, -2*q + 44 = 2*j. Calculate the greatest common factor of 3 and j.
3
Let r(t) = -7*t**2 - 28*t + 6. Let x(v) = v**2 + v. Let b(f) = r(f) + 6*x(f). Let y be b(-10). What is the highest common factor of 14 and y?
14
Suppose -13*k - 28 = -17*k. Suppose -4*s + k*s = 1080. Calculate the greatest common divisor of s and 45.
45
Suppose -z = -5*z + 20, 0 = u - 2*z - 30. Let m(i) = i**3 - 36*i**2 + 3*i + 32. Let o be m(36). What is the highest common factor of u and o?
20
Suppose 445 = 2*o - j, 0*o + 1080 = 5*o + 4*j. Calculate the highest common factor of o and 132.
44
Let q = -43 - -99. Suppose 13*t + 9 = 10*t. Let o be 124/(-62)*(t - (1 - 0)). Calculate the greatest common divisor of o and q.
8
Suppose -133 = 5*p + 5*f - 2*f, f = 5*p + 129. Suppose d - 56 = 4*j, -j = -0*d + 4*d - 224. Let y = d + p. Calculate the highest common divisor of y and 6.
6
Suppose 20 = i + 2*q, 42*i - 2*q = 40*i + 40. Let p be (0 + 1)*(-2 - -7). What is the greatest common factor of i and p?
5
Suppose 0 = -h - 4 - 1. Let j be -4*h/(-10) - -101. Calculate the highest common divisor of 11 and j.
11
Suppose 0 = -2*k - 4*o + 18, -10*k + o = -7*k - 34. Let p(v) = v**2 + 2*v - 4. Let r be p(-5). Calculate the highest common factor of k and r.
11
Suppose 4*l = t + t - 96, -2*t + 2*l + 98 = 0. Suppose 0*i + 2*i = 20. Calculate the greatest common divisor of i and t.
10
Let b(g) = -7*g - 61. Let f be b(-22). What is the greatest common factor of 93 and f?
93
Suppose x - 37 - 48 = -v, 5*v - 89 = -x. Calculate the greatest common divisor of x and 63.
21
Let r = -10 + 16. Let l(o) = 5*o**3 - 5*o**2 - 3. Let s be l(4). Suppose 5*d = 33 + s. Calculate the greatest common factor of r and d.
6
Suppose 0 = -6*n - 2*n - 376. Let c = 49 + n. Calculate the greatest common factor of c and 10.
2
Suppose 0 = -35*i + 43*i - 2320. What is the greatest common divisor of i and 203?
29
Let b = 70 - 46. Suppose 8*s - b = 8. What is the greatest common factor of s and 44?
4
Suppose 5*y = 2*y + 3. Let b be (-5)/(-10)*(231 - y). What is the greatest common factor of b and 23?
23
Suppose -6*z = -470 + 74. Calculate the highest common divisor of 154 and z.
22
Let s(n) = 61*n - 339. Let q be s(6). What is the highest common divisor of 1107 and q?
27
Suppose 64 + 72 = -8*t. Let g = t - -23. Calculate the highest common divisor of g and 6.
6
Let p(b) = 56*b - 17. Let m be p(1). What is the greatest common factor of m and 221?
13
Let n = 87 + -173. Let k = -42 - n. Let v = 38 - 16. What is the highest common divisor of k and v?
22
Let b(p) = 2*p**2 + 2*p - 46 + 27 + 35 - 4*p. Let w be b(0). Calculate the highest common factor of 176 and w.
16
Suppose -5297 = -3*h + 42*u - 46*u, u + 8836 = 5*h. What is the greatest common factor of h and 57?
57
Let m = -545 + 755. What is the greatest common factor of 280 and m?
70
Let d(x) = x**2 + 3*x + 56. Let t be d(0). Calculate the highest common factor of t and 16.
8
Suppose 8*a - 3*a - 20 = 0. Suppose -a*l = -20, 2*l + 2 = 4*h + 12. Suppose o - 42 - 3 = h. What is the highest common factor of 15 and o?
15
Suppose 9*c - 555 = 498. What is the highest common factor of 13 and c?
13
Suppose -5*c - 185 = -k, -3*c - 9 + 24 = 0. What is the highest common divisor of k and 100?
10
Let c(r) = 8*r + 146. Let n be c(-13). Suppose -7*v = -2*v - 525. Calculate the highest common divisor of v and n.
21
Let u be 0 - (-8)/((-40)/(-195)). What is the greatest common divisor of u and 221?
13
Let t be 106/(-4)*(-5 + 7) - 0. Let u = t + 63. What is the greatest common divisor of u and 90?
10
Let t(x) = 249*x + 124. Let r be t(4). What is the highest common divisor of r and 35?
35
Let y(f) = f**2 + 28*f + 204. Let n be y(-9). Calculate the greatest common factor of 319 and n.
11
Suppose 0 = 5*s - 2*s + 3*a + 6, -a = 4. Suppose 0 = 4*n - v - 10, 0 = 2*n - 4*n - 3*v + 12. Calculate the highest common divisor of n and s.
1
Suppose 0 = 38*z - 39*z + 10. Calculate the highest common divisor of z and 25.
5
Let c = -43 + 101. What is the greatest common divisor of c and 261?
29
Suppose 4*t = -16, -3*i = -t + 26 - 138. Calculate the highest common factor of 54 and i.
18
Let k(j) = 79*j - 6. Let x be k(2). Suppose -x = -12*v + 1900. Let y(p) = -p + 11. Let a be y(-8). What is the highest common divisor of a and v?
19
Suppose -40*m - 4 = -41*m. Let k be (-1660)/(-70) + m/14. What is the highest common divisor of k and 60?
12
Let x = -217 + 225. What is the highest common factor of x and 1016?
8
Let x be 0/(1 + -4 + 2). Suppose x = 11*v - 9*v - 16. What is the greatest common factor of v and 4?
4
Let o(x) = x**3 - 7*x**2 - 7*x - 2. Let b be o(8). Suppose 11*f - 600 = b*f. Calculate the highest common divisor of 15 and f.
15
Suppose 1 = 4*w - 3*b, 0*b = 2*b - 10. Let z be -4 + 16/w*4. What is the greatest common divisor of z and 84?
12
Let h = -420 - -485. What is the highest common divisor of h and 637?
13
Suppose 2 = -14*g + 2. Suppose -2*a + g*a + 420 = 0. What is the greatest common factor of a and 30?
30
Let p = -109 + 118. Calculate the greatest common divisor of 333 and p.
9
Let g be (-45)/6*(-80)/6. Suppose 4*r + 2*b = -154, -7*r + 2*r - 206 = -2*b. Let z = r + g. What is the highest common divisor of 24 and z?
12
Let n = 68 + -46. Suppose -f = 3*i - n, 0*f - 2*f + 44 = i. Calculate the greatest common divisor of 11 and f.
11
Suppose -r - 4*p = -11 - 69, -4*p = -4. Suppose -r = -2*x - 2*x. Let k(w) = -5*w - 17. Let n be k(-11). Calculate the highest common factor of x and n.
19
Let r be ((-26)/8)/(1/(-4)). Suppose 3*p + 5*q - 743 = 0, -2*q + 757 = 3*p - 4*q. Let d = 381 - p. What is the greatest common divisor of r and d?
13
Let q(d) = 3*d + 26. Let t be q(-7). Suppose 0 = -3*s - 2*u + 43, 3*s - 47 = s - t*u. What is the highest common factor of 121 and s?
11
Suppose 0 = 5*p - 66 - 34. Let r = -13 + 23. Calculate the greatest common divisor of r and p.
10
Let d = -42 + 126. Calculate the greatest common factor of d and 9.
3
Suppose -r = -2*r - 5*k + 9, -5*r = 2*k - 114. Let z be (-2 - r/(-14)) + (-88)/(-14). Calculate the highest common factor of z and 42.
6
Let t = 57 + 171. What is the highest common factor of 304 and t?
76
Let a(l) = 2*l**3 - 14*l**2 + 4. Let u be a(7). Suppose 2*n - 4*y + 0*y = 162, -186 = -2*n - u*y. Calculate the greatest common factor of n and 58.
29
Let t(j) = -71*j - 8. Let v be t(-1). Calculate the greatest common factor of v and 35.
7
Let j be (2/1)/(22/(-429)). Let h = j + 103. Calculate the greatest common factor of h and 16.
16
Let u(f) = -f**3 + 11*f**2 + 13*f + 14. Let i be u(12). Let j = 27 - i. Calculate the highest common divisor of 9 and j.
1
Suppose -50 = -3*n + u - 9, -n = -4*u - 32. Let m = -1000 - -1132. Calculate the greatest common divisor of n and m.
12
Let x = -17 - -17. Let h(y) = -y + 18. Let z be h(x). Suppose -5*v + 58 = z. What is the highest common factor of 64 and v?
8
Suppose -503 + 199 = -2*g. Suppose 7*y = -128 + 394. Calculate the greatest common factor of g and y.
38
Suppose -4*p + 4679 = 5*r, 77*p + 1196 = 78*p - 4*r. Calculate the greatest common divisor of 14 and p.
14
Let h be (-116)/32*-92*4. Calculate the greatest common factor of h and 46.
46
Let m be 12/(-54) - (-357)/27. Suppose -4*y - 3*t + 208 = 0, y - 5*t = -0*y + 52. What is the highest common factor of y and m?
13
Suppose 0 = -4*l + 69 + 151. Suppose -4*x = 2*m - 40, m = 3*x - 0*m - 35. Calculate the greatest common divisor of l and x.
11
Let t(v) = 84*v + 4. Let q be t(3). Let h be q/12 - 2/6. Let u = -2026 - -2173. Calculate the greatest common factor of u and h.
21
Let p = 1257 + -611. Calculate the greatest common factor of p and 114.
38
Let f = 359 - 344. Let g = 63 + 57. Calculate the highest common facto